et n(r) = r**3 + 298*r**2 + 960*r + 108920. Determine n(-296).
-8
Let s(d) = d**2 + 2854*d - 157004. Determine s(54).
28
Let f(i) = -27697*i - 193865. Give f(-7).
14
Let o(k) = -2*k**2 - 158*k - 491. Give o(-3).
-35
Let r(n) = n**2 + 3*n - 3649. Calculate r(59).
9
Let h(m) = m**3 + 11*m**2 + 29*m + 185. Give h(-6).
191
Let h(l) = -447322*l - 2683921. Determine h(-6).
11
Let n(k) = -k**3 - 3*k**2 + 5*k - 3. What is n(-9)?
438
Let j(a) = 2*a**3 + 15*a**2 - 4661*a - 37219. Determine j(-8).
5
Let z(u) = -4343*u + 37785. What is z(10)?
-5645
Let y(o) = -10*o**2 + 62*o - 55. Calculate y(13).
-939
Let w(b) = -b**3 + 116*b**2 - 213*b - 31. What is w(2)?
-1
Let o(c) = 415*c - 85. Determine o(1).
330
Let d(v) = -2918*v - 59758. Calculate d(-21).
1520
Let l(x) = -72550*x + 16976718. Calculate l(234).
18
Let m(b) = -257*b - 46063. Give m(-179).
-60
Let b(c) = -24*c**2 + 1706*c - 5123. Calculate b(3).
-221
Let p(y) = 235*y - 5823. Give p(26).
287
Let v(i) = -24*i**2 + 11804*i + 1973. Determine v(492).
5
Let a(v) = 2*v**2 - 139*v + 2238. Calculate a(57).
813
Let a(z) = -40804*z + 6243014. Give a(153).
2
Let o(a) = -a**3 - 11*a**2 - 4178*a - 113198. Give o(-25).
2
Let g(w) = -w**2 - 3467*w + 101377. Determine g(29).
-7
Let o(q) = -3*q**2 + 149*q - 1510. What is o(9)?
-412
Let m(g) = -22*g**2 + 537*g - 2633. What is m(5)?
-498
Let p(b) = -50*b**2 - 9082*b - 52687. Give p(-6).
5
Let n(f) = 378*f + 6106. Give n(-16).
58
Let y(g) = -g**3 - 788*g**2 + 7973*g - 5612. Calculate y(-798).
-26
Let z(t) = -t**2 + 135*t - 4959. Calculate z(39).
-1215
Let v(o) = -5752*o + 16283. What is v(3)?
-973
Let c(k) = 4*k**2 + 572*k - 1745. Give c(-146).
7
Let y(d) = -2*d**3 - 1317*d**2 + 52207*d + 4891. Calculate y(-696).
19
Let w(x) = 42*x**2 + 3068*x - 3069. Calculate w(1).
41
Let m(f) = 2*f**3 + 10*f**2 - 2023*f - 12067. Give m(-6).
-1
Let r(v) = 2*v**2 + 323*v + 5781. Calculate r(-141).
0
Let o(h) = h**3 - 170*h**2 - 4699*h - 1044. Determine o(-24).
-12
Let i(v) = -568*v - 100532. Calculate i(-177).
4
Let s(a) = 97753*a + 977524. What is s(-10)?
-6
Let u(k) = 85*k + 2115. Calculate u(-18).
585
Let p(j) = -13*j**3 - 649*j**2 + 75*j + 1249. Calculate p(-50).
-1
Let f(z) = z**3 - 6*z**2 - 1444*z - 7981. Calculate f(-6).
251
Let j(u) = -1785*u - 65664. Calculate j(-37).
381
Let y(z) = -1323*z + 5638. Calculate y(5).
-977
Let m(k) = k**2 - 185*k - 6578. Determine m(-31).
118
Let q(b) = -2*b**3 - 36*b**2 - 47071*b - 847276. Calculate q(-18).
2
Let n(u) = 3*u**2 - 1189*u + 1560. What is n(395)?
-20
Let s(x) = -3*x**2 - 267433*x + 534863. Give s(2).
-15
Let f(v) = -481*v + 5984. Give f(12).
212
Let z(b) = -223*b - 7821. Determine z(-35).
-16
Let j(k) = 2*k**3 + 126*k**2 + 557*k + 34975. What is j(-63)?
-116
Let g(f) = 15855*f + 95130. Calculate g(-6).
0
Let f(d) = 10*d**3 - 48*d**2 + 118*d - 61. Determine f(2).
63
Let y(m) = -m**3 + 25*m**2 - 607*m + 17863. Calculate y(27).
16
Let m(t) = t**3 - 43*t**2 - 110*t + 2951. Give m(44).
47
Let f(t) = 7*t**2 - 59*t - 2625. Give f(25).
275
Let p(q) = -434*q - 1717. Determine p(-4).
19
Let j(r) = -3666*r**2 - 106314*r + 50. What is j(-29)?
50
Let a(g) = 2145092*g - 4290181. Give a(2).
3
Let b(h) = h**3 - 152*h**2 - 797*h - 61. Calculate b(-5).
-1
Let q(p) = -p**2 - 193254*p + 3285621. Calculate q(17).
14
Let j(b) = -126*b**2 - 2379*b - 1. Calculate j(-19).
-286
Let u(z) = 228*z + 1331. What is u(-6)?
-37
Let v(d) = -148*d**2 + 1536*d + 1092. What is v(11)?
80
Let g(w) = 30*w**2 + 1109*w + 2050. What is g(-35)?
-15
Let h(z) = -18306*z + 91650. Give h(5).
120
Let y(c) = 6276*c - 11286. Calculate y(2).
1266
Let o(d) = 4*d**3 - 17*d**2 + 873*d - 4434. Calculate o(5).
6
Let p(m) = -9*m**3 - 28*m**2 + 50*m + 353. Calculate p(-7).
1718
Let r(a) = -5*a**2 + 959*a - 742. Give r(191).
22
Let q(s) = 35205*s + 105322. What is q(-3)?
-293
Let t(s) = 9*s**3 + 2*s**2 - 72*s - 1082. Calculate t(0).
-1082
Let m(z) = -111602*z - 1450795. Give m(-13).
31
Let p(o) = -12527*o + 2029368. What is p(162)?
-6
Let g(m) = 167665*m - 1006152. What is g(6)?
-162
Let x(r) = -6346*r + 698133. Give x(110).
73
Let x(b) = -451*b + 39589. Give x(88).
-99
Let x(t) = -443*t**2 - 2410*t + 1356. Calculate x(-6).
-132
Let a(y) = 71*y - 217. Determine a(11).
564
Let n(a) = -72052*a + 2161577. Determine n(30).
17
Let c(w) = 7*w**2 - 377*w - 452. Give c(50).
-1802
Let j(u) = -335*u - 2672. Give j(-8).
8
Let w(k) = -k**2 - 487*k - 15907. Determine w(-35).
-87
Let g(v) = 1062673*v + 6376050. What is g(-6)?
12
Let d(w) = 26406*w + 712953. Give d(-27).
-9
Let j(m) = 64061*m - 320302. Give j(5).
3
Let z(q) = 71*q**2 + 86*q + 456. Calculate z(-8).
4312
Let d(l) = 22*l**2 - 258*l - 166. Calculate d(12).
-94
Let m(j) = -2*j**2 - 125*j + 23690. Calculate m(82).
-8
Let o(w) = 3570*w + 32136. Give o(-9).
6
Let z(b) = 17*b**2 - 1062*b + 6022. Give z(6).
262
Let s(w) = 30684*w - 245472. Give s(8).
0
Let t(i) = -i**3 + 11*i**2 - 625*i + 6976. Determine t(11).
101
Let w(l) = -3*l**3 - 128*l**2 - 43*l - 165. What is w(-42)?
-1887
Let p(v) = -18*v**2 - 303*v + 1669. What is p(6)?
-797
Let i(w) = -w**2 - 115*w - 1527. Determine i(-117).
-1761
Let i(a) = 5*a**2 - 338*a + 2441. Give i(8).
57
Let o(a) = 2*a**3 - 30*a**2 + 2*a + 56. Determine o(12).
-784
Let y(w) = -89523*w - 358089. What is y(-4)?
3
Let c(w) = -2*w**2 + 295*w - 8297. Give c(111).
-194
Let u(r) = 6956*r + 153559. Give u(-22).
527
Let b(p) = -16617*p + 10169596. Give b(612).
-8
Let m(u) = 3*u**3 + 37*u**2 - 2756*u - 33206. Calculate m(-12).
10
Let v(z) = z**2 + 64*z - 2535. Give v(-78).
-1443
Let z(t) = -69*t**3 + 342*t**2 - 66*t + 326. Give z(5).
-79
Let o(k) = -78*k**3 + 10*k**2 + 154*k - 158. Give o(1).
-72
Let a(i) = 7840*i - 47256. What is a(6)?
-216
Let x(j) = 5*j**3 - 82*j**2 - 56*j + 53. What is x(15)?
-2362
Let r(s) = -178*s**2 + 256*s - 3. Determine r(-2).
-1227
Let o(d) = 7742*d - 7652. Calculate o(1).
90
Let v(h) = 19990*h - 4517769. Determine v(226).
-29
Let f(d) = 7*d**2 + 6439*d + 1084469. What is f(-222)?
-1
Let p(l) = -2458*l - 14757. Give p(-6).
-9
Let u(j) = 85*j**2 - 5525*j - 653. What is u(65)?
-653
Let n(u) = 43*u**2 + 998*u - 98. Give n(-25).
1827
Let x(l) = 11*l**2 - 4510*l + 56800. Give x(397).
29
Let b(s) = 5*s**2 + 1838*s + 127325. Determine b(-275).
0
Let p(w) = 100*w - 21130. Give p(203).
-830
Let x(d) = -368*d + 11372. Give x(31).
-36
Let l(d) = 9*d**2 - 2242*d - 8822. Determine l(253).
33
Let o(n) = 5413*n - 32477. Give o(6).
1
Let f(t) = 6*t**2 - 1523*t - 57096. What is f(287)?
17
Let r(f) = 112585*f**2 - 788096*f - 1. Determine r(7).
-8
Let z(p) = 339*p**2 - 17956*p - 518. Determine z(53).
65
Let z(d) = -39378*d - 2126417. Calculate z(-54).
-5
Let a(i) = 5317*i - 388136. Determine a(73).
5
Let r(v) = -v**3 + 156*v**2 - 3277*v + 396. What is r(131)?
134
Let x(i) = -1911568*i + 9557837. Determine x(5).
-3
Let w(f) = -393*f**2 - 12959*f + 341. What is w(-33)?
11
Let n(j) = 583*j + 58708. Determine n(-101).
-175
Let h(m) = 10*m + 1232. What is h(-160)?
-368
Let c(h) = 34*h**2 - 8722*h + 4596. Give c(256).
-12
Let l(w) = -158211*w + 158204. Calculate l(1).
-7
Let o(k) = k**3 + 948*k**2 + 14916*k + 121. What is o(-16)?
57
Let s(l) = -2762*l - 103413. Give s(-37).
-1219
Let m(w) = -398*w - 55342. Give m(-139).
-20
Let r(j) = j**3 - 254*j**2 - 5491*j + 2962. Give r(274).
-52
Let u(g) = -1906*g + 17381. Determine u(9).
227
Let v(u) = -6*u**3 - 168*u**2 - 1117*u + 54. Calculate v(-17).
-31
Let a(x) = 2*x**3 - 192*x**2 - 6606*x - 4413. Calculate a(123).
15
Let q(p) = -5*p**2 + 292*p + 3630. What is q(-12)?
-594
Let z(u) = -u**3 + 62*u**2 + 973*u + 155. Determine z(75).
5
Let o(u) = -2*u**2 + 1548*u - 3083. Give o(772).
5
Let y(o) = -246*o**2 - 7388*o - 209. Determine y(-30).
31
Let k(r) = -r**3 + 93*r**2 + 111*r - 10362. Calculate k(93).
-39
Let z(b) = -b**3 - 53*b**2 + 492*b + 253. Give z(-61).
9
Let a(y) = 3*y**3 - 251*y**2 - 62*y - 1943. Determine a(84).
-95
Let c(q) = 10*q**2 - 922*q + 6416. Give c(7).
452
Let k(n) = -n**2 - 446*n - 50022. Calculate k(-183).
-1893
Let o(d) = 10*d**2 + 4833*d + 583363. Determine o(-234).
1
Let n(p) = -7*p**2 + 521*p - 6788. What is n(17)?
46
Let k(x) = x**2 - 4155*x - 117293. Give k(-28).
-169
Let q(j) = 5*j**3 - 1616*j**2 + 325*j - 651. What is q(323)?
-5
Let g(u) = -u**3 + 44*